 - 3*g + 2. Calculate d(t).
-10
Suppose -7761*k + 29 + 11 = -7753*k. Let o(q) = q**3 - 6*q**2 - q + 13. What is o(k)?
-17
Let v(m) be the first derivative of 1/2*m**2 + 17 - 21*m. Give v(16).
-5
Let p(c) = -120*c + 160. Let o(s) = -35*s + 48. Let b(k) = -20*o(k) + 6*p(k). Suppose 5*q + 7 + 3 = 0. Calculate b(q).
40
Let b = -31 + 25. Let c = -27 - -29. Let t(d) = 0*d + 13*d + c + 73*d**2 - 72*d**2 - 4*d. Calculate t(b).
-16
Suppose 7 = -3*w - 4*f + 33, -2 = -f. Let s(u) = u**2 + 6 - w - 6 - 4 + 13 + 3*u. What is s(-3)?
3
Let j be 45/20 - (-2)/(-8). Let r(g) = -3*g + 2 + 2*g**j + g + 4 - 3. Let f be 15/3 - 3/1. What is r(f)?
7
Let k(z) = -z**3 - 3*z**2 - z + 4. Let w be ((-4)/6 - 0) + 20/30. Suppose -2 = n - i - w*i, -5*n - 14 = -i. Determine k(n).
7
Suppose -5*s - 5*g = -25, s + g - 35 = -3*s. Let z(y) = 9*y + y**3 - 73 - 81 + 157 + s*y**2. What is z(-9)?
3
Let k(v) = -2*v**2 + 239*v + 34. Let x(t) = -t**2 + 127*t + 18. Let l(d) = -8*k(d) + 15*x(d). Let i be (-1)/(-2*(-2)/(-24)). Determine l(i).
-8
Suppose 0 = -2*u + 3*u - 9. Let n(x) be the third derivative of -2*x**3 + 0*x - 1/60*x**5 - 11*x**2 + 5/12*x**4 - 2. What is n(u)?
-3
Let w(h) be the second derivative of -h**3/3 + 2*h**2 - h + 6720. Let a be (12/9)/((-2)/(-9)). Give w(a).
-8
Suppose 45*m = 60*m - 30. Let a(g) = -22*g + 26*g + 2 - 2*g**m - 3*g. Give a(-2).
-8
Let s(v) = -2*v + 3. Let d = 362 + -354. Suppose d*l - 4*l + 24 = 0. Determine s(l).
15
Let d(p) = -482 + 533 + 226 - 31*p. Give d(9).
-2
Let a = 121 + -120. Let k(n) = 7 + n**2 + 2*n - a + 9*n - 3. Suppose 0*d - 3*d = -6, -3*f + 2*d = 37. Determine k(f).
3
Let t(g) = -156*g**2 + 13*g**3 + 9 - 12*g**3 - 157*g**2 - 10*g + 299*g**2. Determine t(15).
84
Let l(i) = -4*i + 27. Let n(s) = -s - 6. Let v(u) = -l(u) - n(u). Give v(10).
29
Let l(y) be the second derivative of y**4/6 - y**3/3 - 3*y**2/2 + 2699*y. Give l(2).
1
Let l(p) = -p**2 - 2*p + 91. Let m be ((-416)/130)/(4 - (-110)/(-25)). Give l(m).
11
Let j be (-3030)/(-10)*(25/3 + -2). Let v(b) = 2*b**2 - j + 1917 + 10*b - 4*b**2. Determine v(4).
6
Let c = -1 - -3. Let v(d) = -14*d - 15*d - 1 - 16*d + 42*d. Let y(q) = -7*q - 2. Let t(x) = c*y(x) - 5*v(x). Determine t(-1).
0
Let j(i) = i**2 - 15*i - 9. Let p be 552/72 + 4/8*4/(-3). Give j(p).
-65
Let g(m) = -11*m + 4. Let u be g(2). Let t be (10/(-6))/(8 - (-150)/u). Let p(r) = -4*r + 4. Determine p(t).
-16
Suppose -100*m - 168 = -38*m - 50*m. Let o(u) = u**2 + 11*u + 16. Determine o(m).
58
Let p = -4187/3 + 1396. Let y(r) be the first derivative of -15 + p*r**3 - 5/2*r**2 - 7*r. Give y(6).
-1
Let x(l) = -l**3 + 13*l**2 - 2*l + 30. Let j(w) = 109*w - 2603. Let y be j(24). What is x(y)?
4
Let u(b) = b**3 + 4*b**2 - 2*b - 3. Suppose 3*t + 3*a = -18, 3*a - 20 + 3 = 4*t. Calculate u(t).
-18
Let k be (-189)/(-360) - (-66)/(-176). Let b(m) be the third derivative of 0*m + 17*m**2 + 11/6*m**3 - 3/8*m**4 + 0 + k*m**5 - 1/120*m**6. Determine b(8).
3
Let u = 3730 + -3734. Let l(c) = c**3 + 9*c**2 + 2*c + 4. What is l(u)?
76
Let f(h) be the third derivative of -h**8/10080 - h**7/2520 - h**6/720 - h**5/20 + h**3/3 - 4*h**2. Let o(u) be the third derivative of f(u). Determine o(-2).
-5
Let f = -237 + 282. Suppose -5*d - 4*m + f = -10*d, 0 = 5*m - 25. Let l(t) = -1 + 4*t - 2*t - 3*t. What is l(d)?
4
Let k be (-1 - -1 - (-1)/5) + 2185/575. Let j(t) = 3*t**3 - 13*t**2 + 5*t + 1. What is j(k)?
5
Suppose -2*y - 3*x = 17, -25 + 6 = 4*y + x. Let l(b) be the second derivative of -13*b - 3*b**2 + 0 - 1/3*b**3. Give l(y).
2
Let o(r) = -2*r + 2 + 6*r**2 - 11 + 2 - 1. Let q(m) = 5*m**2 - 2*m - 7. Let h(a) = 6*o(a) - 7*q(a). Give h(2).
9
Let i(k) = k**3 - 7*k**2 - 5*k + 4. Let h = 266 - 218. Suppose -2*g + 8*g = h. What is i(g)?
28
Let m(a) = -a**2 - 6*a + 3. Suppose 12 + 23 = 7*q. Let t(y) be the third derivative of -y**5/30 + 5*y**4/12 - y**3 - 2*y**2. Let d be t(q). Calculate m(d).
3
Let y(j) = -32*j - 1. Let g = -150 - -138. Let a = g + 11. What is y(a)?
31
Suppose -432*z = -377*z - 110. Let f(l) = -l**2 + 11*l - 17. Give f(z).
1
Let m(y) = 45*y**2 - 2*y + 2. Suppose 2287 = -12*t + 2299. Determine m(t).
45
Suppose 3*h + 59 - 86 = 0. Suppose -18 = -h*a - 0. Let m(z) = 3*z**2 + z - 1. Calculate m(a).
13
Let a(k) = -k - 3. Let f be a(-4). Let y be 2/(f/(6/4)). Let h(j) be the third derivative of j**6/120 - j**5/30 - j**4/6 + j**3/6 + 2*j**2 - 28. Determine h(y).
-2
Let t(g) = 115*g - 3450. Let l be t(30). Let j(b) = -b**2 + 5*b + 14. Let k(o) = o. Let f(a) = -j(a) + 4*k(a). What is f(l)?
-14
Let j(x) = -x + 1. Let h be j(2). Let s(a) = -63*a + 2. Let n(m) = -62*m. Let w(p) = -n(p) + s(p). Give w(h).
3
Let h(m) = m**2 - 8*m + 8. Suppose -1519 = 8*r + 1849. Let u = 429 + r. Give h(u).
8
Let g(a) be the third derivative of -a**4/4 - 23*a**3/6 + 4431*a**2. What is g(-15)?
67
Let n(x) = -x**2 - 9*x - 4. Let l(v) = 2*v**3 - v**2 - v + 3. Let r = -78 + 80. Let k be l(r). Suppose -2*a = k + 3. Determine n(a).
4
Let l(n) = -8*n**2 - 8*n + 12. Suppose -4*j + 7 = -d - 0*j, -16 = -2*d - 2*j. Let c(o) = -11*o**2 - 13*o + 18. Let w(s) = d*c(s) - 7*l(s). Calculate w(10).
16
Let u(t) be the third derivative of t**6/120 - 11*t**5/60 + t**4/2 + 5*t**3/3 + 274*t**2 + 10. Calculate u(10).
30
Let b(y) = 5*y**3 + 6*y**2 - 4*y + 4. Let a(v) = -9*v**3 - 11*v**2 + 7*v - 6. Let d(m) = -3*a(m) - 5*b(m). Suppose 1 + 14 = 3*r + 3*u, r - 11 = -3*u. Give d(r).
24
Let k(q) = -q**3 - 4*q**2 - 17*q + 12. Let h be k(-6). Let b = 182 - h. Let z(a) = -a**2 - a + 2. Determine z(b).
-10
Let p(s) = 148*s + 379. Let g(q) = 77*q + 189. Let u(a) = -11*g(a) + 6*p(a). Let r be u(-5). Let j(m) = m**3 + 9*m**2 - 9*m - 3. Calculate j(r).
-13
Let t(a) be the third derivative of a**4/24 - 3*a**3/2 + 348*a**2 - 13. Let u be ((-16)/(-6))/((-1)/(-3)). Calculate t(u).
-1
Let b(z) = z**3 + 8*z**2 + 2*z + 1. Let j(o) = o**3 + 4*o**2 - 64*o - 301. Let v be j(-5). Give b(v).
61
Let l = 4822 - 4823. Let o(p) = -4*p**2 + 3*p + 5. Determine o(l).
-2
Let d(o) = -6*o - 3 + 5*o - 1. Let j(x) = 0*x + 7 + 2 + 2*x + x. Let s(c) = -5*d(c) - 2*j(c). Determine s(0).
2
Let f(j) = -6*j**2 - 2*j + 226. Let s(k) = 7*k**2 + 3*k - 271. Let m(d) = 6*f(d) + 5*s(d). Suppose 0*p + 3*p = 15. Determine m(p).
-9
Let d = -7346 - -7346. Let z(c) be the second derivative of 1/12*c**4 + 0*c**2 + 23*c + 1/2*c**3 + d. What is z(-4)?
4
Let r(l) be the second derivative of 4*l**3/3 - 7*l**2/2 - 418*l - 1. Give r(2).
9
Suppose 3*p + 56 = -2*s + 60, 0 = -p - s + 1. Let q(w) be the first derivative of 4*w + 11 - 1/4*w**4 + 1/2*w**p - w**3. Determine q(-3).
1
Let c(r) = 24*r**2 - 28 + 35*r + 6 + 10 - r**3 - 4 - 8*r. What is c(25)?
34
Let d(f) be the first derivative of 5*f**2/2 + 4*f + 2079. What is d(3)?
19
Let c(x) = 15*x + 34. Let v be c(-2). Suppose -16 = 4*m, -3*w - v*m - 29 + 1 = 0. Let y(u) = u**3 + 4*u**2 - 3*u - 2. Give y(w).
10
Let s(g) = 6*g - 2*g**2 + 1 + 2 - 3*g**2 - g**3. Let n = -339 - -350. Suppose -24 - 42 = n*k. What is s(k)?
3
Let x(o) = -2*o**3 - 10*o**2 + 30*o + 119. Let d be x(-3). Let a(j) = j**2 + 5*j - 16. Give a(d).
-2
Let w(y) = 2*y + 7 + 13 - 23 - 8*y**2 - y**3 + 10*y**2 + 12*y**3. Calculate w(1).
12
Let q(x) = -4852*x**3 - 4 - 5*x - 5*x + 2422*x**3 + 2431*x**3 - 5*x**2 + 4*x. Suppose -2*n = -3 - 9. What is q(n)?
-4
Let o(q) be the third derivative of q**6/120 - 13*q**5/60 - 11*q**4/8 + 4*q**3/3 + 2*q**2 - 147*q. Determine o(15).
-37
Let c(k) = -k**2 + 31*k - 242. Let s(h) = 5*h**2 - 119*h - 136. Let z be s(25). Determine c(z).
-4
Let n(w) = w**2 - 12*w + 3. Let u = -264 + 268. Suppose 7*o - 3*o + 2*q - 56 = 0, -u*o - 5*q = -68. Give n(o).
3
Let g(z) = 2*z**3 - 7*z**2 - 3. Let a(s) = 2*s**2 + 1. Let i(h) = -3*a(h) - g(h). Let r(x) = -x**2 - 8*x + 2. Let j be r(-8). What is i(j)?
-12
Let g(f) = 321*f**2 - 19*f + 52. Let y(o) = 175*o**2 - 10*o + 26. Let v(u) = 6*g(u) - 11*y(u). Determine v(4).
26
Suppose -j = 5*j + 137 + 61. Let q(a) = -a**2 - 35*a - 70. Give q(j).
-4
Let z be 6/(-18)*(5 - (1 - -4)). Let a be (-3 - z)/(62/186). Let d(t) = -t**2 - 11*t. Calculate d(a).
18
Let s(a) = -a**3 + 8*a**2 - 11*a - 5. Let z be 376/235*(5 - 0). Determine s(z).
-93
Suppose 118*n + 386 = 2285 + 461. Let b(k) = -k - 13. Determine b(n).
-33
Let k(z) = 17*z**3 + 3*z**2 - 8*z + 13. Let q(a) = 3*a**3 + a**2 + 2*a. Let d(p) = k(p) - 3*q(